s of 21539032?
2, 37, 72767
What are the prime factors of 31065971?
877, 35423
List the prime factors of 2612079879.
3, 870693293
List the prime factors of 46745474.
2, 281, 83177
List the prime factors of 162727106.
2, 81363553
List the prime factors of 13789840.
2, 5, 172373
What are the prime factors of 19130346?
2, 3, 1062797
What are the prime factors of 62418115?
5, 47, 151, 1759
List the prime factors of 1435230775.
5, 11, 47, 111043
List the prime factors of 3884332592.
2, 7, 127, 273083
What are the prime factors of 1267405255?
5, 59, 4296289
What are the prime factors of 117524324?
2, 29381081
What are the prime factors of 391638410?
2, 5, 43, 910787
What are the prime factors of 5608747997?
19, 295197263
List the prime factors of 119019133.
131, 908543
List the prime factors of 1119349572.
2, 3, 11, 571, 14851
List the prime factors of 30113392.
2, 17, 110711
What are the prime factors of 1108463920?
2, 5, 17, 815047
List the prime factors of 1253805254.
2, 13, 883, 4201
What are the prime factors of 485842681?
43, 347, 32561
List the prime factors of 86293605.
3, 5, 5752907
What are the prime factors of 6214700?
2, 5, 29, 2143
List the prime factors of 29273982.
2, 3, 31, 5077
What are the prime factors of 44465805?
3, 5, 988129
What are the prime factors of 12778273?
179, 71387
List the prime factors of 614215394.
2, 13, 19, 173, 7187
What are the prime factors of 100631056?
2, 41, 131, 1171
List the prime factors of 18326636.
2, 4581659
What are the prime factors of 76568577?
3, 37, 689807
What are the prime factors of 828668656?
2, 23, 47, 47911
What are the prime factors of 5325094?
2, 2662547
List the prime factors of 268172772.
2, 3, 7, 367, 8699
What are the prime factors of 45209648?
2, 11, 256873
What are the prime factors of 8657764?
2, 2164441
What are the prime factors of 158626926?
2, 3, 29, 229, 1327
List the prime factors of 4555288934.
2, 7, 1283, 253607
List the prime factors of 377662024.
2, 23, 2052511
What are the prime factors of 3901186?
2, 127, 15359
List the prime factors of 137270968.
2, 1319, 13009
List the prime factors of 2465064647.
2465064647
List the prime factors of 258012423.
3, 149, 181, 1063
What are the prime factors of 10301504?
2, 53, 3037
What are the prime factors of 179676338?
2, 373, 240853
What are the prime factors of 3326032725?
3, 5, 44347103
What are the prime factors of 77438268?
2, 3, 79669
List the prime factors of 211117913.
211117913
List the prime factors of 119128661.
23, 5179507
List the prime factors of 4142460973.
7, 53, 163, 68501
List the prime factors of 3300737290.
2, 5, 330073729
What are the prime factors of 674831365?
5, 13, 389, 2053
What are the prime factors of 26256496?
2, 7, 67, 3499
List the prime factors of 3543882462.
2, 3, 65627453
What are the prime factors of 51493959?
3, 11, 157, 3313
What are the prime factors of 215701224?
2, 3, 19, 31, 15259
What are the prime factors of 64745090?
2, 5, 6474509
List the prime factors of 323150392.
2, 2239, 18041
List the prime factors of 1306397913.
3, 435465971
What are the prime factors of 1109930268?
2, 3, 92494189
List the prime factors of 20819408.
2, 293, 4441
What are the prime factors of 881991383?
7, 13, 2053, 4721
List the prime factors of 133083548.
2, 13, 17, 151, 997
List the prime factors of 94758336.
2, 3, 677
List the prime factors of 206027008.
2, 11, 23, 3181
List the prime factors of 933739247.
7, 71, 311, 863
What are the prime factors of 615218312?
2, 31, 2480719
List the prime factors of 78854600.
2, 5, 11, 73, 491
List the prime factors of 162380744.
2, 29, 59, 11863
List the prime factors of 4356126892.
2, 13, 83771671
List the prime factors of 1663693366.
2, 97, 8575739
What are the prime factors of 975216375?
3, 5, 7, 5897
List the prime factors of 61425237.
3, 20475079
What are the prime factors of 53946160?
2, 5, 41, 16447
What are the prime factors of 571208587?
233, 2451539
What are the prime factors of 1114485377?
487, 2288471
List the prime factors of 66435520.
2, 5, 29, 7159
What are the prime factors of 19015735?
5, 29, 131143
List the prime factors of 71484724.
2, 179, 99839
What are the prime factors of 902502989?
3617, 249517
What are the prime factors of 133693210?
2, 5, 7, 37, 41, 1259
List the prime factors of 5571462.
2, 3, 13, 71429
What are the prime factors of 640469275?
5, 25618771
List the prime factors of 31711475.
5, 19, 101, 661
List the prime factors of 11224661.
7, 599, 2677
What are the prime factors of 202084239?
3, 7, 9623059
List the prime factors of 620097402.
2, 3, 31, 1429, 2333
List the prime factors of 6195053605.
5, 13, 1879, 50723
List the prime factors of 38759608.
2, 4844951
What are the prime factors of 56477281?
7, 17, 37, 101, 127
List the prime factors of 27190505.
5, 5438101
What are the prime factors of 228740244?
2, 3, 23, 73, 11353
What are the prime factors of 126478255?
5, 1511, 16741
List the prime factors of 4475654.
2, 163, 13729
What are the prime factors of 65657346?
2, 3, 10942891
What are the prime factors of 108031219?
108031219
What are the prime factors of 16058807?
23, 383, 1823
List the prime factors of 1365883602.
2, 3, 163, 211, 6619
What are the prime factors of 105197987?
105197987
What are the prime factors of 158221178?
2, 1597, 49537
What are the prime factors of 48268117?
17, 2839301
What are the prime factors of 282725293?
163, 1734511
List the prime factors of 229033658.
2, 7, 443, 36929
What are the prime factors of 3417250129?
3417250129
What are the prime factors of 144929866?
2, 43, 1685231
List the prime factors of 366508147.
631, 580837
List the prime factors of 40179479.
79, 139, 3659
List the prime factors of 432336458.
2, 467, 462887
What are the prime factors of 254315985?
3, 5, 7, 11, 37, 541
List the prime factors of 467184858.
2, 3, 7, 1399, 7951
List the prime factors of 279002046.
2, 3, 31, 613, 2447
What are the prime factors of 420244197?
3, 59, 2374261
What are the prime factors of 1533422134?
2, 17, 3631, 12421
What are the prime factors of 52641404?
2, 13160351
List the prime factors of 3266830131.
3, 1088943377
What are the prime factors of 4347957113?
139, 31280267
What are the prime factors of 331978600?
2, 5, 1659893
List the prime factors of 67478667.
3, 2063, 10903
List the prime factors of 3059181689.
3059181689
What are the prime factors of 302295629?
7877, 38377
List the prime factors of 94999262.
2, 47499631
List the prime factors of 13575818.
2, 37, 383, 479
What are the prime factors of 96203041?
11, 373, 23447
What are the prime factors of 384431233?
307, 1252219
List the prime factors of 62564201.
7, 137, 65239
What are the prime factors of 68405812?
2, 2269, 7537
What are the prime factors of 4058866375?
5, 479, 67789
List the prime factors of 99422828.
2, 31, 163, 4919
List the prime factors of 2747469554.
2, 23, 313, 190823
List the prime factors of 375302895.
3, 5, 11, 31, 239, 307
List the prime factors of 52358504.
2, 11, 17, 31, 1129
List the prime factors of 714559169.
714559169
What are the prime factors of 32611217?
23, 73, 19423
List the prime factors of 10250219.
7, 89, 16453
What are the prime factors of 192747471?
3, 7, 9178451
What are the prime factors of 4335437361?
3, 227, 6366281
List the prime factors of 37715368.
2, 439, 10739
List the prime factors of 385432547.
79, 4878893
What are the prime factors of 25016611?
137, 182603
List the prime factors of 439325057.
367, 661, 1811
List the prime factors of 51628047.
3, 17209349
What are the prime factors of 887195747?
19, 46694513
What are the prime factors of 144657472?
2, 2260273
List the prime factors of 63805559.
63805559
What are the prime factors of 237167595?
3, 5, 7, 17, 19, 37
List the prime factors of 1979672309.
37, 467, 114571
List the prime factors of 2378485314.
2, 3, 132138073
List the prime factors of 314825070.
2, 3, 5, 7, 1499167
What are the prime factors of 9320724232?
2, 17, 68534737
List the prime factors of 1092220913.
7, 17, 9178327
What are the prime factors of 192401789?
192401789
What are the prime factors of 4064851339?
37, 109860847
What are the prime factors of 964534491?
3, 17, 6304147
List the prime factors of 881494210.
2, 5, 67, 151, 8713
What are the prime factors of 64171072?
2, 7, 1432